(j)?
227
Let k(z) = z**3 + 5*z**2 + 4*z + 2. Suppose -7*a - 25 = -2*a. Let c be k(a). List the prime factors of (2 - -90)/(c/(-9)).
2, 23
Suppose 2*v - h - 7458 = 0, -19*v + 4*h - 7438 = -21*v. List the prime factors of v.
3727
Let x be (-975)/(-125) + 1/5. Suppose -357 = -x*j + j. What are the prime factors of j?
3, 17
Let h = -273 - -278. Let j(q) = 130*q - 74. What are the prime factors of j(h)?
2, 3
Let o be (24/(-14))/(3/(-3024) + 0). What are the prime factors of (14/6)/(36/o) - -4?
2, 29
Suppose 138*r - 2037 = 131*r. List the prime factors of r.
3, 97
Suppose 8 = -l + 5*p, -24*l - 5*p - 1 = -22*l. List the prime factors of (1 - 3)*1 + (l - -564).
13, 43
Let q = 114 - -794. Suppose 2*s - q = -42. What are the prime factors of s?
433
Suppose 0 = -52*x + 50*x + 4. List the prime factors of 48/(((-12)/x)/(-6)).
2, 3
Suppose 1619762 + 198182 = 68*x - 30296. List the prime factors of x.
2, 3, 5, 151
Suppose 4*r - 128060 = d, 18*r - 19*r + 4*d = -32030. List the prime factors of r.
2, 16007
Let w(z) = 55*z**2 + 51*z**2 - 34 - z + z**3 - 109*z**2. List the prime factors of w(9).
443
Suppose 4*j - 1 - 35 = 0. Suppose -j*o = 3*o + 240. What are the prime factors of 2*5/o*-230?
5, 23
Suppose 3*k = -v + 7653 + 5333, k - 4322 = 3*v. List the prime factors of k.
2, 541
Let x(k) = 5*k + 13. Let g be 4/(-10) + ((-27)/(-5) - -7). List the prime factors of x(g).
73
Let z = 106921 - 71607. List the prime factors of z.
2, 17657
Suppose -4*g = -2*x + 6, 42*g - 4*x = 43*g + 6. Let z(y) = 5*y**2 + 7*y + 7. Let a(b) = -b**3 + b. Let p(i) = -a(i) + z(i). List the prime factors of p(g).
7
Suppose -403*p + 398*p + 40005 = 0. List the prime factors of p.
3, 7, 127
Suppose 2*c + 2 = 5*z - 6, 0 = -5*z + c + 9. Suppose -z*v - 3*v + 4*j + 1851 = 0, 4*v - 5*j = 1479. What are the prime factors of v?
7, 53
Suppose -t = -4, -5*i + 11 = t - 3. Suppose 2*q + 623 = -0*d + 3*d, i*d - 4*q - 418 = 0. Let c = d - 135. List the prime factors of c.
2, 3
Let a = 299786 + -209939. List the prime factors of a.
3, 67, 149
Let y(h) = -3*h**3 - 7*h**2 - 6*h - 4. Let n be y(-4). Suppose 0 = -4*v + 10*v - 192. Let l = n - v. What are the prime factors of l?
2, 17
Let z(i) = 17*i - 1. Let v be z(4). Let j = 79 - v. Let b = 25 - j. What are the prime factors of b?
13
Suppose -3*g - 81 = -3*x - 0*x, 5*x + 4*g = 135. Let u = -31 - -49. List the prime factors of 6/x + 770/u.
43
Let s be ((-2)/((-1)/4*-2))/(-2). Suppose 2*i - 8 = -2*g, 3*i + s = 5*i. Suppose -2*t + 3*d = -166, -2*t = g*t + 3*d - 394. What are the prime factors of t?
2, 5
Let b(c) = 39*c**3 + c**2 - 30*c - 3. List the prime factors of b(6).
3, 31, 89
Let w = -346 + 8019. List the prime factors of w.
7673
Suppose 3*o - 12 = -5*j, -2*o - 5*j + 4*j = -8. Suppose -2*i + 2*r - 164 = -o*i, 3*i - 5*r = 278. What are the prime factors of i?
2, 43
Let x = 59724 - 34556. List the prime factors of x.
2, 11, 13
Let k be 159/4 + (-12)/(-48). Let i be (48/k)/((-4)/(-610)). Let f = i - 80. List the prime factors of f.
103
Let c(w) = -540*w - 396. List the prime factors of c(-8).
2, 3, 109
Suppose -12*r = -11*r - 2*u - 3043, -9164 = -3*r - u. What are the prime factors of r?
43, 71
Let x = -362 - 260. Let a = x + 1012. List the prime factors of a.
2, 3, 5, 13
Let o be ((-19)/((-38)/(-56)))/(4/(-174)). Suppose 5*w - 3*a = 946 + o, a - 2 = 0. List the prime factors of w.
2, 7, 31
Let m(h) = h**3 + 24*h**2 - 8*h - 3. Let x = 521 + -531. List the prime factors of m(x).
7, 211
Suppose -3*q + 35 + 46 = t, 2*q - 4*t - 68 = 0. Suppose q*k - 5434 = -590. What are the prime factors of k?
173
Suppose -2*p + 41 = 33. Suppose 5*n + v = 356, p*n - v = -83 + 366. List the prime factors of n.
71
What are the prime factors of (-9*(-49)/(-126))/((-1)/1650)?
3, 5, 7, 11
Suppose 4*n = -4*r + 70672, 19*n - 88400 = 14*n + 5*r. List the prime factors of n.
2, 8837
Let f(o) = 4*o**2 - 1 - 9 + 3 + o**2. Let c(m) = 6*m + 15. Let a be c(-3). What are the prime factors of f(a)?
2, 19
What are the prime factors of (13 - -760) + (15 + -6 - 4)?
2, 389
Let o = -30 + -138. Suppose -3042 = 11*g + 1479. Let x = o - g. What are the prime factors of x?
3
Let a = 1243 - 2178. Let z = a + 1664. List the prime factors of z.
3
Suppose -79*w + 84*w + 425 = 0. Let l = 82 + w. List the prime factors of l/(-5) - 10/(-75)*1923.
257
Let i(c) = 134*c - 47. Let a be i(4). Let q = -332 + a. What are the prime factors of q?
157
Let u = 16 + -1. Let h(v) = 7 - 3*v**2 + 18*v + 2 + 2*v**2. What are the prime factors of h(u)?
2, 3
Let q(w) = 33 + 25*w - 5*w**2 - 51*w + 4*w**2 + 0*w**2. List the prime factors of q(-24).
3
Suppose w - 3*t + 0 + 15 = 0, -5*w = 3*t + 3. List the prime factors of w - (-8964)/15 - 33/55.
2, 3, 11
Let p(b) = 23*b - 1030. Let h be p(45). Let d(q) = 9*q - 24. Let o(w) = 8*w - 24. Let t(j) = 4*d(j) - 5*o(j). List the prime factors of t(h).
2
Let d(y) = 2*y**3 - 6*y**2 + 2*y - 6. Let s be d(3). Suppose g + 4 = s, -g + 10 = 2*a - 2*g. List the prime factors of 3663/27 + a/9.
2, 17
Suppose 146495 + 818557 = 44*a. List the prime factors of a.
3, 2437
Suppose 26365 + 325416 = 17*f. List the prime factors of f.
20693
Let r(y) = -y**3 + 7*y**2 - 9*y - 2. Let g be r(5). Let l(v) = v**2 - 10*v**3 + v + 0*v**2 + 2 + v**2 - g*v**2. List the prime factors of l(-1).
2, 5
Let h be 7 - 5/(-15)*-12. List the prime factors of 87 + (h/8 - 285/120).
5, 17
Let f = -14138 - -34820. What are the prime factors of f?
2, 3, 383
Suppose -2*w = -k - 42034, -65*w - 2*k + 84060 = -61*w. What are the prime factors of w?
2, 37, 71
Let q = 510 + -305. Suppose j + j = -5*s + 512, 0 = 2*s + j - q. Suppose -5*a + 320 = -5*b, -2*b + s = 4*a - 136. What are the prime factors of a?
61
Suppose -18*w + 13*w + 3*z = 36, 0 = 2*w + 3*z + 6. Let q(n) = 11*n**2 + 21*n + 137. What are the prime factors of q(w)?
11, 37
Let a(p) = p**2 - 230. Let m be a(-15). What are the prime factors of 642/((-51)/85*m/4)?
2, 107
Suppose 3*j = 12, -f + 4*j = 5*j - 275. Suppose 6*k + f = 4*k - 3*u, -5*k - 4*u - 681 = 0. Let c = k + 242. List the prime factors of c.
3, 5, 7
Suppose -20*c + 18*c + 6553 = n, 0 = -c + 5. What are the prime factors of n?
3, 727
Suppose -5*m + 4*b - 3134 = 0, 5*m - 2*b = -b - 3131. What are the prime factors of (2 - 5) + 6 - (m - -7)?
2, 311
Let n = 4659 - 4508. List the prime factors of n.
151
Suppose -47772 = -4429*w + 4411*w. List the prime factors of w.
2, 1327
Let a(g) be the first derivative of 1/3*g**3 - 15*g + 3*g**2 - 11. List the prime factors of a(-12).
3, 19
Suppose -512*y - 26136 = -539*y. Suppose -t - t = 0. Suppose t*j - 8*j = -y. List the prime factors of j.
11
Let i be -17 - (-4 - (2 + -7)). Let n = 20 + i. Suppose 0*b - 5*b - n*d = -581, -3*d = -9. What are the prime factors of b?
5, 23
Let g be 2/9 + 214/9. Suppose 2*h = -5*r + g, 2*r = -3*h - 0*r + 14. List the prime factors of -4 + h - (-54 + -9).
61
Suppose -5*x - 30125 = -3*h, -h + 4113 = -21*x - 5774. List the prime factors of h.
5, 2011
Suppose 0 = -4*u + 2*z + 14768, 2*z - 18442 = 30*u - 35*u. List the prime factors of u.
2, 3, 5, 41
Let b(m) = 117*m**2 + 16*m - 23. Let c be b(7). Suppose 0 = -8*r + 2130 + c. What are the prime factors of r?
2, 7, 71
Let k = 59 - 56. Suppose 8 = 4*f + k*i, -3*f = -0*f - 3*i - 6. Suppose -f*d - 945 = -7*d. List the prime factors of d.
3, 7
Suppose 37 = 2*d - 5*a, d = 3*d - 2*a - 22. Suppose 0 = -2*i - d*i + 160. Let z = 61 - i. What are the prime factors of z?
41
List the prime factors of ((-11)/(154/(-1288)))/((-6)/(-2121)).
2, 7, 23, 101
Suppose -d - 2*k = -1254, 2*d - 7*d = -4*k - 6340. Suppose -101*j + d = -97*j. List the prime factors of j.
2, 79
What are the prime factors of -195478*(-7)/35 - 6/(-15)?
2, 3, 181
Let u(z) = 66*z**2 + 16 + 4 + z - 4*z - 48*z**2. What are the prime factors of u(4)?
2, 37
Let l = -111 + 510. Let x = 441 + l. List the prime factors of x.
2, 3, 5, 7
Let u(r) = 0 + 5 - 3*r + 4 + 2. Let q be u(-3). What are the prime factors of 874/10 + (-8)/q?
3, 29
Let s = 26565 + -17608. What are the prime factors of s?
13, 53
Suppose 347 + 179 = d. Let a = -367 + d. Suppose -4*x + r - a + 407 = 0, -5*r = 20. What are the prime factors of x?
61
Let j = 2398 - -1378. What are the prime factors of -5 + j/12 - 2/(-6)?
2, 5, 31
Let u(h) = h**3 - 15*h**2 - 17*h + 35. Suppose 4*c + 2*c